{"id":776,"date":"2020-09-10T14:03:34","date_gmt":"2020-09-10T12:03:34","guid":{"rendered":"http:\/\/magdalena-sadziak.de\/wordpress\/?page_id=776"},"modified":"2020-09-11T23:06:19","modified_gmt":"2020-09-11T21:06:19","slug":"impressum-neu","status":"publish","type":"page","link":"https:\/\/magdalena-sadziak.de\/?page_id=776","title":{"rendered":"Impressum"},"content":{"rendered":"\t\t<div data-elementor-type=\"wp-page\" data-elementor-id=\"776\" class=\"elementor elementor-776\" data-elementor-settings=\"[]\">\n\t\t\t\t\t\t<div class=\"elementor-inner\">\n\t\t\t\t\t\t\t<div class=\"elementor-section-wrap\">\n\t\t\t\t\t\t\t<section class=\"elementor-section elementor-top-section elementor-element elementor-element-5f440fd elementor-section-boxed elementor-section-height-default elementor-section-height-default\" data-id=\"5f440fd\" data-element_type=\"section\">\n\t\t\t\t\t\t<div class=\"elementor-container elementor-column-gap-default\">\n\t\t\t\t\t\t\t<div class=\"elementor-row\">\n\t\t\t\t\t<div class=\"elementor-column elementor-col-100 elementor-top-column elementor-element elementor-element-4862f5b\" data-id=\"4862f5b\" data-element_type=\"column\">\n\t\t\t<div class=\"elementor-column-wrap elementor-element-populated\">\n\t\t\t\t\t\t\t<div class=\"elementor-widget-wrap\">\n\t\t\t\t\t\t<div class=\"elementor-element elementor-element-933b0d0 elementor-widget elementor-widget-spacer\" data-id=\"933b0d0\" data-element_type=\"widget\" data-widget_type=\"spacer.default\">\n\t\t\t\t<div class=\"elementor-widget-container\">\n\t\t\t\t\t<div class=\"elementor-spacer\">\n\t\t\t<div class=\"elementor-spacer-inner\"><\/div>\n\t\t<\/div>\n\t\t\t\t<\/div>\n\t\t\t\t<\/div>\n\t\t\t\t\t\t<\/div>\n\t\t\t\t\t<\/div>\n\t\t<\/div>\n\t\t\t\t\t\t\t\t<\/div>\n\t\t\t\t\t<\/div>\n\t\t<\/section>\n\t\t\t\t<section class=\"elementor-section elementor-top-section elementor-element elementor-element-670c536 elementor-section-boxed elementor-section-height-default elementor-section-height-default\" data-id=\"670c536\" data-element_type=\"section\">\n\t\t\t\t\t\t<div class=\"elementor-container elementor-column-gap-default\">\n\t\t\t\t\t\t\t<div class=\"elementor-row\">\n\t\t\t\t\t<div class=\"elementor-column elementor-col-100 elementor-top-column elementor-element elementor-element-5b045d2\" data-id=\"5b045d2\" data-element_type=\"column\">\n\t\t\t<div class=\"elementor-column-wrap elementor-element-populated\">\n\t\t\t\t\t\t\t<div class=\"elementor-widget-wrap\">\n\t\t\t\t\t\t<section class=\"elementor-section elementor-inner-section elementor-element elementor-element-bf601d9 elementor-section-boxed elementor-section-height-default elementor-section-height-default\" data-id=\"bf601d9\" data-element_type=\"section\">\n\t\t\t\t\t\t<div class=\"elementor-container elementor-column-gap-default\">\n\t\t\t\t\t\t\t<div class=\"elementor-row\">\n\t\t\t\t\t<div class=\"elementor-column elementor-col-50 elementor-inner-column elementor-element elementor-element-763d4fb\" data-id=\"763d4fb\" data-element_type=\"column\">\n\t\t\t<div class=\"elementor-column-wrap\">\n\t\t\t\t\t\t\t<div class=\"elementor-widget-wrap\">\n\t\t\t\t\t\t\t\t<\/div>\n\t\t\t\t\t<\/div>\n\t\t<\/div>\n\t\t\t\t<div class=\"elementor-column elementor-col-50 elementor-inner-column elementor-element elementor-element-72e9478\" data-id=\"72e9478\" data-element_type=\"column\">\n\t\t\t<div class=\"elementor-column-wrap elementor-element-populated\">\n\t\t\t\t\t\t\t<div class=\"elementor-widget-wrap\">\n\t\t\t\t\t\t<div class=\"elementor-element elementor-element-f2766f6 elementor-widget elementor-widget-text-editor\" data-id=\"f2766f6\" data-element_type=\"widget\" data-widget_type=\"text-editor.default\">\n\t\t\t\t<div class=\"elementor-widget-container\">\n\t\t\t\t\t<div class=\"elementor-text-editor elementor-clearfix\"><h4 style=\"margin-top: 0px; margin-bottom: 0px; text-align: justify; font-stretch: normal; font-size: 9px; line-height: normal;\">\u00a0<\/h4><h4 style=\"margin-top: 0px; margin-bottom: 0px; text-align: justify; font-stretch: normal; font-size: 9px; line-height: normal;\"><b>\u00a0<\/b><\/h4><h4 style=\"margin-top: 0px; margin-bottom: 0px; text-align: justify; font-stretch: normal; font-size: 9px; line-height: normal;\"><span style=\"font-weight: bold; font-size: 9px;\">Unterst\u00fctzt durch den Hilfsfonds \u00bbKunst kennt keinen Shutdown\u00ab<\/span><b>\u00a0<\/b><\/h4><h4 style=\"margin-top: 0px; margin-bottom: 0px; text-align: justify; font-stretch: normal; font-size: 9px; line-height: normal;\"><b>\u00a0<\/b><\/h4><h4 style=\"margin-top: 0px; margin-bottom: 0px; text-align: justify; font-stretch: normal; font-size: 9px; line-height: normal;\"><b>\u00a0<\/b><\/h4><h4 style=\"margin-top: 0px; margin-bottom: 0px; text-align: justify; font-stretch: normal; font-size: 9px; line-height: normal;\"><b>\u00a0<\/b><\/h4><h4 style=\"margin-top: 0px; margin-bottom: 0px; text-align: justify; font-stretch: normal; font-size: 9px; line-height: normal;\"><b>Verantwortlich f\u00fcr den Inhalt nach \u00a7 55 Abs. 2 RStV:<\/b><\/h4><h4 style=\"margin-top: 0px; margin-bottom: 0px; text-align: justify; font-stretch: normal; font-size: 9px; line-height: normal; min-height: 10px;\">\u00a0<\/h4><h4 style=\"margin-top: 0px; margin-bottom: 0px; text-align: justify; font-stretch: normal; font-size: 9px; line-height: normal;\">Magdalena Sadziak<\/h4><h4 style=\"margin-top: 0px; margin-bottom: 0px; text-align: justify; font-stretch: normal; font-size: 9px; line-height: normal;\">Clemens-Schultz-Str. 90<\/h4><h4 style=\"margin-top: 0px; margin-bottom: 0px; text-align: justify; font-stretch: normal; font-size: 9px; line-height: normal;\">20359 Hamburg<\/h4><h4 style=\"margin-top: 0px; margin-bottom: 0px; text-align: justify; font-stretch: normal; font-size: 9px; line-height: normal;\">mail@magdalena-sadziak.de\u00a0<\/h4><h4 style=\"margin-top: 0px; margin-bottom: 0px; text-align: justify; font-stretch: normal; font-size: 9px; line-height: normal;\">+49 157 30445315<\/h4><h4 style=\"margin-top: 0px; margin-bottom: 0px; text-align: justify; font-stretch: normal; font-size: 9px; line-height: normal; min-height: 10px;\">\u00a0<\/h4><div>\u00a0<\/div><h4 style=\"margin-top: 0px; margin-bottom: 0px; text-align: justify; font-stretch: normal; font-size: 9px; line-height: normal;\"><b>Haftungsausschluss<\/b><\/h4><h4 style=\"margin-top: 0px; margin-bottom: 0px; text-align: justify; font-stretch: normal; font-size: 9px; line-height: normal;\">Trotz sorgf\u00e4ltiger, inhaltlicher Kontrolle \u00fcbernehme ich keine Haftung f\u00fcr die Inhalte externer Links. F\u00fcr den Inhalt der verlinkten Seiten sind ausschlie\u00dflich deren Betreiber verantwortlich.\u00a0<\/h4><h4 style=\"margin-top: 0px; margin-bottom: 0px; text-align: justify; font-stretch: normal; font-size: 9px; line-height: normal; min-height: 10px;\">\u00a0<\/h4><div><b style=\"color: #2b2b2b; font-family: 'Playfair Display', serif; font-size: 9px; text-align: justify;\">\u00a0<\/b><\/div><div><b style=\"color: #2b2b2b; font-family: 'Playfair Display', serif; font-size: 9px; text-align: justify;\">Urheberrecht<\/b><\/div><h4 style=\"margin-top: 0px; margin-bottom: 0px; text-align: justify; font-stretch: normal; font-size: 9px; line-height: normal;\">Die durch die Seitenbetreiber erstellten Inhalte und Werke auf diesen Seiten unterliegen dem deutschen Urheberrecht. Die Vervielf\u00e4ltigung, Bearbeitung, Verbreitung und jede Art der Verwertung au\u00dferhalb der Grenzen des Urheberrechtes bed\u00fcrfen der schriftlichen Zustimmung des jeweiligen Autors bzw. Erstellers. Downloads und Kopien dieser Seite sind nur f\u00fcr den privaten, nicht kommerziellen Gebrauch gestattet. Soweit die Inhalte auf dieser Seite nicht vom Betreiber erstellt wurden, werden die Urheberrechte Dritter beachtet. Insbesondere werden Inhalte Dritter als solche gekennzeichnet. Sollten Sie trotzdem auf eine\u00a0<span style=\"font-size: 9px;\">Urheberrechtsverletzung aufmerksam werden, bitte ich um einen entsprechenden Hinweis. Bei Bekanntwerden von Rechtsverletzungen werde ich derartige Inhalte umgehend entfernen.<\/span><\/h4><h4 style=\"margin-top: 0px; margin-bottom: 0px; text-align: justify; font-stretch: normal; font-size: 9px; line-height: normal; min-height: 10px;\">\u00a0<\/h4><div>\u00a0<\/div><h4 style=\"margin-top: 0px; margin-bottom: 0px; text-align: justify; font-stretch: normal; font-size: 9px; line-height: normal;\"><b>Datenschutz<\/b><\/h4><h4 style=\"margin-top: 0px; margin-bottom: 0px; text-align: justify; font-stretch: normal; font-size: 9px; line-height: normal;\">Die Nutzung dieser Webseite ist in der Regel ohne Angabe personenbezogener Daten m\u00f6glich. Soweit auf diesen Seiten personenbezogene Daten (beispielsweise Name, Anschrift oder eMail-Adressen) erhoben werden, erfolgt dies, soweit m\u00f6glich, stets auf freiwilliger Basis. Diese Daten werden ohne Ihre ausdr\u00fcckliche Zustimmung nicht an Dritte weitergegeben. Ich weise darauf hin, dass die Daten\u00fcbertragung im Internet (z.B. bei der Kommunikation per E-Mail) Sicherheitsl\u00fccken aufweisen kann. Ein l\u00fcckenloser Schutz der Daten vor dem Zugriff durch Dritte ist nicht m\u00f6glich. Der Nutzung von im Rahmen der Impressumspflicht ver\u00f6ffentlichten Kontaktdaten durch Dritte zur \u00dcbersendung von nicht ausdr\u00fccklich angeforderter Werbung und Informationsmaterialien wird hiermit ausdr\u00fccklich widersprochen. Die Betreiberin der Seiten beh\u00e4lt sich ausdr\u00fccklich rechtliche Schritte im Falle der unverlangten Zusendung von Werbeinformationen, etwa durch Spam-Mails, vor.<\/h4><\/div>\n\t\t\t\t<\/div>\n\t\t\t\t<\/div>\n\t\t\t\t\t\t<\/div>\n\t\t\t\t\t<\/div>\n\t\t<\/div>\n\t\t\t\t\t\t\t\t<\/div>\n\t\t\t\t\t<\/div>\n\t\t<\/section>\n\t\t\t\t\t\t<\/div>\n\t\t\t\t\t<\/div>\n\t\t<\/div>\n\t\t\t\t\t\t\t\t<\/div>\n\t\t\t\t\t<\/div>\n\t\t<\/section>\n\t\t\t\t<section class=\"elementor-section elementor-top-section elementor-element elementor-element-0fae932 elementor-section-boxed elementor-section-height-default elementor-section-height-default\" data-id=\"0fae932\" data-element_type=\"section\">\n\t\t\t\t\t\t<div class=\"elementor-container elementor-column-gap-default\">\n\t\t\t\t\t\t\t<div class=\"elementor-row\">\n\t\t\t\t\t<div class=\"elementor-column elementor-col-100 elementor-top-column elementor-element elementor-element-e84db4e\" data-id=\"e84db4e\" data-element_type=\"column\">\n\t\t\t<div class=\"elementor-column-wrap elementor-element-populated\">\n\t\t\t\t\t\t\t<div class=\"elementor-widget-wrap\">\n\t\t\t\t\t\t<div class=\"elementor-element elementor-element-d3bc660 elementor-widget elementor-widget-text-editor\" data-id=\"d3bc660\" data-element_type=\"widget\" data-widget_type=\"text-editor.default\">\n\t\t\t\t<div class=\"elementor-widget-container\">\n\t\t\t\t\t<div class=\"elementor-text-editor elementor-clearfix\"><\/div>\n\t\t\t\t<\/div>\n\t\t\t\t<\/div>\n\t\t\t\t\t\t<\/div>\n\t\t\t\t\t<\/div>\n\t\t<\/div>\n\t\t\t\t\t\t\t\t<\/div>\n\t\t\t\t\t<\/div>\n\t\t<\/section>\n\t\t\t\t<section class=\"elementor-section elementor-top-section elementor-element elementor-element-70a8892 elementor-section-boxed elementor-section-height-default elementor-section-height-default\" data-id=\"70a8892\" data-element_type=\"section\">\n\t\t\t\t\t\t<div class=\"elementor-container elementor-column-gap-default\">\n\t\t\t\t\t\t\t<div class=\"elementor-row\">\n\t\t\t\t\t<div class=\"elementor-column elementor-col-100 elementor-top-column elementor-element elementor-element-45de049\" data-id=\"45de049\" data-element_type=\"column\">\n\t\t\t<div class=\"elementor-column-wrap elementor-element-populated\">\n\t\t\t\t\t\t\t<div class=\"elementor-widget-wrap\">\n\t\t\t\t\t\t<div class=\"elementor-element elementor-element-4af1960 elementor-widget elementor-widget-spacer\" data-id=\"4af1960\" data-element_type=\"widget\" data-widget_type=\"spacer.default\">\n\t\t\t\t<div class=\"elementor-widget-container\">\n\t\t\t\t\t<div class=\"elementor-spacer\">\n\t\t\t<div class=\"elementor-spacer-inner\"><\/div>\n\t\t<\/div>\n\t\t\t\t<\/div>\n\t\t\t\t<\/div>\n\t\t\t\t\t\t<\/div>\n\t\t\t\t\t<\/div>\n\t\t<\/div>\n\t\t\t\t\t\t\t\t<\/div>\n\t\t\t\t\t<\/div>\n\t\t<\/section>\n\t\t\t\t<section class=\"elementor-section elementor-top-section elementor-element elementor-element-95b0f27 elementor-section-boxed elementor-section-height-default elementor-section-height-default\" data-id=\"95b0f27\" data-element_type=\"section\">\n\t\t\t\t\t\t<div class=\"elementor-container elementor-column-gap-default\">\n\t\t\t\t\t\t\t<div class=\"elementor-row\">\n\t\t\t\t\t<div class=\"elementor-column elementor-col-100 elementor-top-column elementor-element elementor-element-8fe22a9\" data-id=\"8fe22a9\" data-element_type=\"column\">\n\t\t\t<div class=\"elementor-column-wrap elementor-element-populated\">\n\t\t\t\t\t\t\t<div class=\"elementor-widget-wrap\">\n\t\t\t\t\t\t<div class=\"elementor-element elementor-element-07c87ff elementor-widget elementor-widget-spacer\" data-id=\"07c87ff\" data-element_type=\"widget\" data-widget_type=\"spacer.default\">\n\t\t\t\t<div class=\"elementor-widget-container\">\n\t\t\t\t\t<div class=\"elementor-spacer\">\n\t\t\t<div class=\"elementor-spacer-inner\"><\/div>\n\t\t<\/div>\n\t\t\t\t<\/div>\n\t\t\t\t<\/div>\n\t\t\t\t\t\t<\/div>\n\t\t\t\t\t<\/div>\n\t\t<\/div>\n\t\t\t\t\t\t\t\t<\/div>\n\t\t\t\t\t<\/div>\n\t\t<\/section>\n\t\t\t\t\t\t<\/div>\n\t\t\t\t\t\t<\/div>\n\t\t\t\t\t<\/div>\n\t\t","protected":false},"excerpt":{"rendered":"<p>\u00a0 \u00a0 Unterst\u00fctzt durch den Hilfsfonds \u00bbKunst kennt keinen Shutdown\u00ab\u00a0 \u00a0 \u00a0 \u00a0 Verantwortlich f\u00fcr den Inhalt nach \u00a7 55 Abs. 2 RStV: \u00a0 Magdalena&#8230;<\/p>\n<div class=\"more-link-wrapper\"><a class=\"more-link\" href=\"https:\/\/magdalena-sadziak.de\/?page_id=776\">Weiterlesen<span class=\"screen-reader-text\">Impressum<\/span><\/a><\/div>\n","protected":false},"author":1,"featured_media":0,"parent":0,"menu_order":0,"comment_status":"closed","ping_status":"closed","template":"","meta":{"_bbp_topic_count":0,"_bbp_reply_count":0,"_bbp_total_topic_count":0,"_bbp_total_reply_count":0,"_bbp_voice_count":0,"_bbp_anonymous_reply_count":0,"_bbp_topic_count_hidden":0,"_bbp_reply_count_hidden":0,"_bbp_forum_subforum_count":0,"pgc_sgb_lightbox_settings":""},"_links":{"self":[{"href":"https:\/\/magdalena-sadziak.de\/index.php?rest_route=\/wp\/v2\/pages\/776"}],"collection":[{"href":"https:\/\/magdalena-sadziak.de\/index.php?rest_route=\/wp\/v2\/pages"}],"about":[{"href":"https:\/\/magdalena-sadziak.de\/index.php?rest_route=\/wp\/v2\/types\/page"}],"author":[{"embeddable":true,"href":"https:\/\/magdalena-sadziak.de\/index.php?rest_route=\/wp\/v2\/users\/1"}],"replies":[{"embeddable":true,"href":"https:\/\/magdalena-sadziak.de\/index.php?rest_route=%2Fwp%2Fv2%2Fcomments&post=776"}],"version-history":[{"count":16,"href":"https:\/\/magdalena-sadziak.de\/index.php?rest_route=\/wp\/v2\/pages\/776\/revisions"}],"predecessor-version":[{"id":837,"href":"https:\/\/magdalena-sadziak.de\/index.php?rest_route=\/wp\/v2\/pages\/776\/revisions\/837"}],"wp:attachment":[{"href":"https:\/\/magdalena-sadziak.de\/index.php?rest_route=%2Fwp%2Fv2%2Fmedia&parent=776"}],"curies":[{"name":"wp","href":"https:\/\/api.w.org\/{rel}","templated":true}]}}